 Suppose -33 - 42 = -k*i. List the prime factors of i.
3, 5
Suppose 2*k = -3*k - 1060. Let d be k/(-44) + 2/11. Let l = d + -2. List the prime factors of l.
3
Let s be (-1 - (0 + 3))*-1. List the prime factors of (s - 7) + 2 + 39.
2, 19
Suppose -2*g = -5*g - 30. Let s be (-25)/g*6/3. Suppose -f = -0*f - s. What are the prime factors of f?
5
Suppose -28 - 50 = 2*y. List the prime factors of (104/y)/(2/(-54)).
2, 3
Let r(h) be the third derivative of 17*h**5/60 + h**4/12 + h**3/6 + 9*h**2. Let t be r(-1). Suppose 4*q = 140 + t. What are the prime factors of q?
3, 13
What are the prime factors of (15/(-45))/((-357)/(-180) + -2)?
2, 5
Let w = 11 - 31. What are the prime factors of (w/(-6))/(0 - (-10)/15)?
5
Suppose 3*r = -3*l + 10629, 8*l - 10643 = -3*r + 12*l. What are the prime factors of r?
5, 709
Suppose -4*o + p = -3*p, -30 = -4*o - 2*p. Suppose 2*c - x + 85 = 0, -2*c - 2*c = -o*x + 161. What are the prime factors of 12*3*c/(-48)?
3, 11
Suppose 2*w = -4*u + 142, 112 = 5*u - 3*w - 71. Suppose -5*j - u = -3*j. Let y = j - -51. What are the prime factors of y?
3, 11
Let r = -294 + 358. What are the prime factors of r?
2
Let v(z) = -99*z + 31. Let p(i) = 49*i - 15. Let n(r) = 9*p(r) + 4*v(r). What are the prime factors of n(3)?
2, 31
Suppose -2*h - 623 + 2333 = 0. List the prime factors of h.
3, 5, 19
Suppose 2*q + 49 = 5*r, 0 = 3*r - 2*q - 2*q - 21. Suppose 6 + r = v. Suppose -v = -o - 0*o. What are the prime factors of o?
17
Suppose -11 = -4*i + 13. Suppose 0*w = -w, 4*g - 2*w = 20. Suppose -y - g = -i*y, -4*t - 5*y + 105 = 0. What are the prime factors of t?
5
Suppose 3*j = -0*j + 195. What are the prime factors of j?
5, 13
Suppose 0*w - w = -2. Suppose -1 = w*m + 3*q, 2 = -3*m + q - 5*q. What are the prime factors of m/(-17) - 2544/(-51)?
2, 5
Suppose -3*i - 2*q = -9 - 3, -i + 2*q = -4. Let j be i/(-2) + 2 - 0. Suppose -2*v + 10 + 16 = j. What are the prime factors of v?
13
Suppose -2*g = -g + 5*j - 712, 0 = -5*g + 5*j + 3650. What are the prime factors of g?
727
Suppose -5*t - z + 1533 = 0, 325 = 2*t - 2*z - 293. What are the prime factors of t?
307
Let k be 8/44 - (-31)/11. Let l(x) = -3*x + x**3 + 4 - 3*x**k - 4*x**2 - 4. What are the prime factors of l(-2)?
2, 3
Suppose 10*a - 39348 + 1458 = 0. List the prime factors of a.
3, 421
Suppose -4*i = 5 - 89. Let v = -15 + i. What are the prime factors of v?
2, 3
Let j be 1/(((-3)/(-15))/1). Suppose j*y - 253 = 122. What are the prime factors of y?
3, 5
Let z = -1780 - -3009. List the prime factors of z.
1229
Let v = 1644 + -269. List the prime factors of v.
5, 11
Let i(m) = -53*m - 4. Let d(t) = -106*t - 7. Let x(g) = -6*d(g) + 13*i(g). Let k be x(-5). Suppose 9*c - k = 4*c. List the prime factors of c.
3, 17
Let l be (6/(-4))/((-3)/6). Let j(v) = -v**2 + 16*v - 28. Let c be j(14). Suppose -l*r = h - 3*h + 72, -3*h + 3*r + 108 = c. What are the prime factors of h?
2, 3
Let g = -458 + 236. List the prime factors of ((-5)/(-15))/(-2 - 445/g).
2, 37
What are the prime factors of 7 + 0 - 12 - -1497?
2, 373
Let t(k) = 94*k - 201. What are the prime factors of t(5)?
269
Let f = -76 - -164. List the prime factors of f.
2, 11
Let u = -28 - -22. Let h(z) = z**3 + 9*z**2 + 6*z - 1. List the prime factors of h(u).
71
Suppose 0 = 3*b - 6*j + 7*j - 2461, 4*b = -3*j + 3288. List the prime factors of b.
3, 7, 13
Suppose 0 = 15*g + 21975 - 75435. List the prime factors of g.
2, 3, 11
Let l(c) = -c**2 - 14*c + 12. Let m = 5 - 19. Let v be l(m). Let k = -4 + v. List the prime factors of k.
2
Let b(k) = 3*k**2 - 5*k + 3. Suppose 12 = -2*w + 4*w. What are the prime factors of b(w)?
3
Suppose 24*x - q = 21*x + 3009, 4*x = 3*q + 4007. List the prime factors of x.
2, 251
Let c(l) = -33*l - 14. Let z be c(-6). Suppose -5*f + f + z = 0. Suppose -5*i = -f - 29. List the prime factors of i.
3, 5
Let g = -170 + 131. Let l = 65 + g. List the prime factors of l.
2, 13
Let a be 4*(36/8 + -4). Suppose -a*v + 4*c = -114, 0*c - 285 = -5*v + 3*c. List the prime factors of v.
3, 19
Suppose -55*g - 7780 = -65*g. List the prime factors of g.
2, 389
Suppose 23*u - 20*u + 15 = 0. What are the prime factors of ((-8)/6)/(u/120)?
2
Suppose 0 = -5*i + g + 2607, 3*i - 123 = -5*g + 1458. List the prime factors of i.
2, 3, 29
List the prime factors of (30 - -2005) + 3 + -2.
2, 509
Let o = -332 + 943. List the prime factors of o.
13, 47
Suppose -n + 2*v = -3*n + 980, 5*n = -3*v + 2452. What are the prime factors of n?
491
List the prime factors of (((-405)/12)/(-9))/(15/23840).
2, 5, 149
Let v(u) = -47*u**3 + u**2. Let b be v(-1). Suppose 0*g - 2*g + b = 0. Suppose 2*h - 12 = g. What are the prime factors of h?
2, 3
Suppose -7*r + 725 = 200. List the prime factors of r.
3, 5
Let d(i) = -200*i - 245. List the prime factors of d(-6).
5, 191
List the prime factors of (-78 - 195/(-15))/((-2)/42).
3, 5, 7, 13
Suppose -2*w = -4*w + 424. List the prime factors of (-2)/(-3) - w/(-6).
2, 3
Suppose -4*r + 1031 = -6*l + l, 0 = -4*r - 5*l + 1081. Suppose -25*q + 26*q = r. List the prime factors of q.
2, 3, 11
Let m(r) = 41*r**2 - 3*r + 7. Let s(t) = -61*t**2 + 5*t - 11. Let u(k) = -8*m(k) - 5*s(k). Let q be u(-1). Let a = q + 53. What are the prime factors of a?
2, 3, 5
Suppose 0*b + 32 = 2*b. Suppose 4*o - 29 - 24 = -3*s, 0 = -5*o - 5*s + 65. Suppose o = g - b. What are the prime factors of g?
2, 3, 5
Suppose 2*t = 4*r + 2522, r + 2520 = 2*t - 2*r. What are the prime factors of t?
3, 419
Let s(o) = -8*o - 10. Let a(f) = -f + 1. Let r(v) = 6*a(v) - s(v). Let c be r(-11). What are the prime factors of c/2 + 0 + 20?
17
Let c(r) = r**2 - 2*r - 27. Let n be c(-11). Suppose 0 = -2*t + n + 14. List the prime factors of t.
5, 13
Let l = 607 + 371. What are the prime factors of l?
2, 3, 163
Suppose -5*r - 3*r + 1304 = 0. Let x = r - 105. What are the prime factors of x?
2, 29
Let m(o) be the first derivative of -7/2*o**4 - o - 1/2*o**2 + 11 + 0*o**3. List the prime factors of m(-1).
2, 7
Let k(h) = -113*h - 544. List the prime factors of k(-32).
2, 3
Let v be (2 + -3)/(3/(-786)). Suppose -2*t + 213 = -0*t - 5*n, v = 3*t + 4*n. What are the prime factors of t?
2, 47
Suppose 12*i - 15*i + 9 = 0. Suppose -4*h - 40 = -3*r, -r + 14 + i = -5*h. Suppose -q + 4*a + r = -1, 0 = -4*q + 3*a + 78. List the prime factors of q.
3, 7
Suppose -3*i = d - 839, -2*i + 554 = -2*d - 0*d. Let l = -185 + i. What are the prime factors of l?
2, 47
Suppose -2613 = -10*h - 3*h. What are the prime factors of h?
3, 67
Let m = 86 - 18. Let n = -61 + m. List the prime factors of n.
7
Let s = 12 + -6. Let p = s - 5. What are the prime factors of (-4)/p*(-12 + 7)?
2, 5
Let n be (-14)/63 + ((-65)/(-9) - 2). Suppose -g = -0*p - n*p - 131, -g + 127 = -4*p. List the prime factors of g.
3, 37
Let f(a) = 3*a**2 - a + 2. Let z be f(1). Suppose -z*p - 309 = -69. List the prime factors of 2/15 + (-2212)/p.
37
Let i = -7 + 15. Let k = i + -13. Let t = k - -34. What are the prime factors of t?
29
Let h(q) = 2*q**3 - 14*q**2 - 11*q - 41. What are the prime factors of h(11)?
2, 13, 31
Let g(a) = -9*a + 421 - 421. What are the prime factors of g(-7)?
3, 7
Let z(b) = b**2 + 7*b + 8. Let x be z(-6). Suppose 2*s + 66 = -4*n, 2*s + 7*n + 68 = x*n. List the prime factors of 0*(1 + 0) - s.
29
Let r(k) = -k**2 + 4*k + 2. Let g be r(4). Suppose -10 = 5*q, -q = g*i - 12 - 30. What are the prime factors of i?
2, 11
Let h = 2 - -198. Let n = h + -99. List the prime factors of n.
101
Suppose -8*h - 28 = -10*h. Suppose h*a = 5*a + 288. What are the prime factors of a?
2
Let q be 579 - (2 + (-5 - 0)). Suppose -j = r + 4*r - 946, 3*r - 3*j - q = 0. Suppose -r = -0*o - 5*o. List the prime factors of o.
2, 19
Let v(r) = -5*r**3 - 7*r**2 - 5*r + 1. List the prime factors of v(-5).
2, 7, 17
Let c = 724 - 43. What are the prime factors of c?
3, 227
What are the prime factors of 3*(-571)/((-1)/(-1 - -2))?
3, 571
Let c(f) = f**2 + f - 17. Let y be c(-4). Let z(u) = u**2 + 8*u + 7. Let h(k) = k**2 + 8*k + 6. Let a(g) = -3*h(g) + 2*z(g). List the prime factors of a(y).
11
Let a(i) = 654*i**3 - 3*i + 3. List the prime factors of a(1).
2, 3, 109
Suppose 0 = 3*l - 12, -l = 3*s - 967 + 186. Let a = -144 + s. What are the prime factors of a?
5, 23
Suppose -6*d = -16 - 26. Suppose -d = 3*n - 31. Suppose 0 = -v + n + 7. List the pri